eatest common factor of 8 and l?
4
Suppose 2*o - 2 = 2*u, 0*u - 21 = -5*o + u. Suppose -15*q - 16 = -19*q. Suppose -16 = q*l - o*l. Calculate the highest common factor of 8 and l.
8
Suppose 14 + 22 = 4*g - 4*p, 0 = 5*g + p - 33. What is the greatest common divisor of g and 7?
7
Let l be ((-3)/(-9))/((-1)/(-42)). Let n be (1*-14)/((-4)/8). Calculate the highest common divisor of n and l.
14
Let t(p) = -3*p**3 + p - 6. Let d be t(-2). What is the greatest common divisor of 144 and d?
16
Let a(k) = 6*k + 2. Let w(i) = 5*i + 3. Let t(j) = -3*a(j) + 4*w(j). Let m be t(7). What is the greatest common divisor of 8 and m?
4
Suppose -u - t = -6, -2*u + 6*t = 3*t + 3. Calculate the highest common factor of 24 and u.
3
Suppose 0*n + 2*q = 2*n - 110, -4*n + 230 = q. Suppose j = -2*j + n. What is the highest common divisor of 76 and j?
19
Let u = 7 - 10. Let y be 13 + u*(-2)/6. What is the greatest common divisor of y and 112?
14
Let s(a) be the third derivative of a**6/120 - a**5/15 - 7*a**4/24 - 7*a**3/6 + 2*a**2. Let t be s(6). What is the highest common factor of t and 46?
23
Suppose 0*r - 2*r + 5*a + 102 = 0, 197 = 5*r + 2*a. Let k = -29 + r. Let v = 7 - -1. Calculate the greatest common divisor of v and k.
4
Let w(k) = 3*k - 5. Let x be w(4). Let u be (-8)/6*(-3 - 0). Suppose u*a - 230 + 34 = 0. Calculate the highest common factor of x and a.
7
Let m = -3 - -12. Let h be m/4 + 2/(-8). Suppose h*n + p = 6, 4*n - p = 2*n + 6. What is the highest common factor of 33 and n?
3
Let t = -2 - 4. Let z be ((-20)/3)/(2/t). What is the highest common divisor of z and 4?
4
Suppose 3*z - 7*z = -4*s + 432, -5*s + 540 = -4*z. Let h = 12 - -6. What is the greatest common factor of s and h?
18
Let u(v) = 47*v**2. Let b be u(-1). Calculate the greatest common divisor of 188 and b.
47
Let f(j) = -j**3 + 5*j**2 + 2*j - 7. Let u be f(5). Suppose 0 = -u*x + 89 + 184. Let g be 2 + (9 - (0 - 2)). What is the highest common divisor of x and g?
13
Suppose 2*i = -t + 2, -2*i = -7*i + 5*t + 5. Let w be i/4 - 714/(-24). Suppose 3*n = 6 + w. What is the greatest common divisor of 3 and n?
3
Let j(f) = -f**3 - 4*f**2 - 2*f + 7. Let h be j(-4). Calculate the greatest common factor of h and 15.
15
Suppose 3*a = 6*a - 171. Calculate the greatest common divisor of 38 and a.
19
Let c(n) = -n**3 + 2*n**2 + n. Let z = -3 + 1. Let k be c(z). Suppose 0*o - 126 = -o. What is the highest common divisor of k and o?
14
Let j be 213/5 + 2/5. Suppose -58 = -4*q + m - 3*m, -3*q = m - j. Calculate the greatest common divisor of q and 56.
14
Let l be -39*1*8/(-12). What is the greatest common divisor of 39 and l?
13
Suppose 4*c - 104 = 136. Suppose -v + 0*v + 2 = 0. Suppose -2*r = v*r - 96. Calculate the greatest common divisor of c and r.
12
Suppose -3*r = -5*h - 4*r + 135, 3*r + 127 = 4*h. Let i be 2/(-4) + (-13)/(-2). Suppose 3*v = i + 120. Calculate the greatest common factor of h and v.
14
Let j be 3 + (-526)/(-18) + (-4)/18. Calculate the greatest common divisor of j and 16.
16
Suppose 3*w - 4*x - 13 = 142, w - 4*x = 65. What is the highest common factor of 9 and w?
9
Let t = 9 - 3. What is the highest common divisor of 54 and t?
6
Let s be 1*20 + (2 - 4). Suppose 2*t - 4*g = s, 2*g + 5 = -t + 10. Let a be 26/7 - (-2)/t. Calculate the greatest common factor of 8 and a.
4
Let a(g) = 10*g**2 + 15*g + 12. Let q be a(-2). Let i(u) = u**2 - u + 2. Let h be i(0). Calculate the highest common factor of h and q.
2
Suppose -3*g = -g + 5*z + 4, 3*z - 9 = -5*g. Suppose g*d - 12 = 3. Calculate the highest common divisor of 5 and d.
5
Let b be (6/(-10))/(17/(-85)). Suppose i - 99 = -v - 3*v, -4*v + i + 93 = 0. What is the highest common factor of v and b?
3
Let n(h) = -h - 2. Let z be n(-5). Suppose -z*m - 2*m = -400. Calculate the greatest common divisor of m and 32.
16
Let a = -36 - -60. Suppose 4*u - 2*j = 22, -j - j = -2. Calculate the highest common divisor of u and a.
6
Let t(w) = -2*w. Let z = 1 + -2. Let o(l) = 5*l + 1. Let x be o(z). Let v be t(x). Calculate the greatest common divisor of v and 40.
8
Let t = -10 - -18. Suppose -i = 3*i - t. Suppose -i*x = -0*x - 60. Calculate the greatest common factor of x and 15.
15
Suppose 2*m = 4*r + 38, 3*m + 3*r = -2*m + 108. Suppose 6*l = 4*l + 4*j + 24, l = 5*j + m. Calculate the greatest common divisor of l and 54.
6
Suppose 0 = g + 5*v - 11, 0*g - 36 = -2*g + 4*v. Let y be (8*6)/(4/12). Calculate the greatest common factor of y and g.
16
Let p be 17/4 - 1/4. Let g(s) = -10*s + 10. Let a be g(-5). Suppose -c + a = p*c. Calculate the greatest common factor of 60 and c.
12
Let p be (0 + 15)*8/6. Let b be ((-15)/p)/((-1)/(-8)). Let d be 5/(-30) - 49/b. Calculate the greatest common factor of 56 and d.
8
Let t(j) = j**2 + 7*j + 4. Let w be t(6). Suppose 2*h - 2 = w. Calculate the greatest common divisor of 6 and h.
6
Let s(v) = 41*v - 2. Let u be s(1). Let p = 82 - 58. Suppose 3*h + 0*r - u = -2*r, -2*h - 2*r = -p. Calculate the highest common factor of h and 105.
15
Let m = -13 - -25. Suppose x - m = -2*x. What is the highest common divisor of 32 and x?
4
Let t(n) = -n + 11. Let x be t(0). Let a = -7 + x. What is the highest common divisor of 20 and a?
4
Let z be (-4)/(51/(-15) - -3). Suppose 2*q - 10 = 2. Suppose -4*n = 3*f - 628, 4*f - z = q. What is the highest common divisor of n and 14?
14
Let l = 2 - -16. Calculate the highest common divisor of l and 162.
18
Let q be -4*((-57)/12 - 0). What is the highest common divisor of 76 and q?
19
Let v(m) = -4*m + 10. Let n(w) = 4*w - 11. Let f(g) = -5*n(g) - 6*v(g). Let c be f(8). Calculate the highest common divisor of 3 and c.
3
Suppose 2*q + 2*q = c + 75, -c = 2*q - 33. Let v be 18/81 + 68/q. Calculate the highest common factor of 10 and v.
2
Let w(l) = -l**2 + 10*l - 10. Let k be w(7). Suppose 2*y - 114 = -2*i + i, -2*i = 2*y - 118. Calculate the highest common divisor of k and y.
11
Let o(p) = -p + 6. Let g be o(-11). What is the greatest common factor of g and 17?
17
Let a = -4 + 6. Let q be -2 - -4 - -77 - a. What is the greatest common factor of 11 and q?
11
Let d = 3 - 0. Suppose -5*o + 6 = -d*o. Suppose -720 = -2*s - o*s. Calculate the greatest common divisor of s and 16.
16
Suppose 0*h + 3*h + k = 103, k + 67 = 2*h. Calculate the greatest common divisor of 51 and h.
17
Let d be (-10)/15 - (-8)/3. Suppose d*o + 8 = 4*o. Suppose 4*r = 2*r + 64. Calculate the greatest common factor of o and r.
4
Suppose -n - 630 = -6*n. Suppose -p - 14 = -2*p. What is the greatest common divisor of n and p?
14
Let q be (-1)/(-3) + 11/3. Suppose 9*f - 450 = q*f. Calculate the greatest common divisor of f and 36.
18
Suppose 3*p + 1 = b + 8, 0 = -p + 4*b - 5. Suppose 21 = 3*r - 3*z, 0*r + 5 = -r - p*z. What is the greatest common divisor of r and 8?
4
Let y(s) = s**2 + 14*s + 24. Let p be y(-26). Calculate the greatest common factor of 42 and p.
42
Suppose v + 4*v = 3*j - 32, -4*v + 4 = 5*j. Suppose 4*f = -0*f - 16. Let t be ((-12)/(-10))/(f/(-120)). What is the highest common divisor of t and j?
4
Suppose -5*g - b = -6*b - 280, 0 = b. Calculate the highest common divisor of 7 and g.
7
Suppose c + 90 = 3*c. Calculate the greatest common factor of c and 9.
9
Suppose 0 = 2*o + o. Let j(k) = -k - 16. Let z be j(o). Let c = -2 - z. What is the highest common divisor of c and 28?
14
Let m = 10 - 6. Let s = m - 6. Let b be -4*(-1 + 1 + s). Calculate the highest common factor of 48 and b.
8
Suppose 0 = 4*b + 21 - 189. Let h be (3 + -2)*0 + -2. Let o be 4/3*(h - -23). What is the highest common divisor of b and o?
14
Suppose 7*q - 3*q - 8 = 2*s, 2*q = -3*s - 20. Let y be -2*9/s + 41. Calculate the highest common factor of y and 4.
4
Suppose -4*l = -5*r + 175, -2*r - 35 = -3*r - l. Let s = -2 - -9. Calculate the highest common divisor of r and s.
7
Suppose 0*s - 5*s = -855. Suppose -3*q + s = 3*r, q + 5*r - 2*r = 63. Calculate the greatest common divisor of q and 36.
18
Let m be (2 + -3 + 3)*-6. Suppose -3*s = 0, -13 = 2*g + 4*s - 1. Let p = g - m. Calculate the highest common divisor of 6 and p.
6
Let a = -14 - -18. What is the highest common divisor of 6 and a?
2
Let z(u) = u**3 + 5*u**2 + 2*u + 3. Let x be z(-4). What is the greatest common factor of x and 121?
11
Let y(f) = -3*f + 3. Let q be y(-5). Calculate the highest c